{"id":12438,"date":"2020-06-19T15:10:52","date_gmt":"2020-06-19T15:10:52","guid":{"rendered":"https:\/\/hangar.com.pt\/online\/?page_id=12438"},"modified":"2021-01-13T18:31:12","modified_gmt":"2021-01-13T18:31:12","slug":"membership","status":"publish","type":"page","link":"https:\/\/hangar.com.pt\/online\/membership\/","title":{"rendered":"Membership"},"content":{"rendered":"<div class=\"wpb-content-wrapper\"><p>[vc_row full_width=&#8221;stretch_row_content&#8221;][vc_column][vc_column_text]<\/p>\n<h2>Membership<\/h2>\n<p>[\/vc_column_text][vc_separator color=&#8221;black&#8221; align=&#8221;align_left&#8221;][\/vc_column][\/vc_row][vc_row full_width=&#8221;stretch_row_content&#8221;][vc_column width=&#8221;1\/2&#8243;][vc_column_text]Xerem\/Hangar is a non-profit cultural association.<\/p>\n<p>To enjoy Xerem\/Hangar &#8216;s membership status and have the membership card, we propose an annual fee of 35\u20ac.<\/p>\n<p><strong>The Xerem\/Hangar Membership Card offers<\/strong>:<\/p>\n<p>-Free or discounted entry to all cinema sessions, conversation cycles and seminars*<\/p>\n<p>-Free or discounted entry to concerts and Hangout events*<\/p>\n<p>-Free entrance to 2 performing art sessions at member\u2019s choice*<\/p>\n<p>-20% discount on all workshops, and masterclasses<\/p>\n<p>-Free access to Hangar Archive and Library*<\/p>\n<p>-Free access to Hangar Caf\u00e9<\/p>\n<p>To be a Xerem\/Hangar Member, or renew your annual membership, simply fill out\u00a0<a href=\"https:\/\/hangar.com.pt\/online\/formulario-membership\/\" target=\"_blank\" rel=\"noopener noreferrer\" data-type=\"page\" data-id=\"311\" data-title=\"Formulario Membership\">this membership form.<\/a>\u00a0Payment\u00a0can be made at Hangar\u00a0on working days or by transfer via mail:\u00a0<a href=\"mailto:geral@hangar.com.pt\" target=\"_blank\" rel=\"noopener noreferrer\">geral@hangar.com.pt<\/a>.<\/p>\n<p>*upon reservation with in advance[\/vc_column_text][\/vc_column][vc_column width=&#8221;1\/2&#8243;][vc_column_text]<span style=\"color: #0000ff;\">A Xerem\/Hangar \u00e9 uma Associa\u00e7\u00e3o cultural sem fins lucrativos.\u00a0<\/span><\/p>\n<p><span style=\"color: #0000ff;\">Para usufruir do estatuto de s\u00f3cio aderente efetivo da Xerem \/ Hangar e ter o cart\u00e3o de s\u00f3cio propomos uma quota anual de 35\u20ac.<\/span><\/p>\n<p><span style=\"color: #0000ff;\"><strong>O Cart\u00e3o de Associado Xerem\/Hangar oferece:<\/strong><\/span><\/p>\n<p><span style=\"color: #0000ff;\">-Entrada livre ou com desconto para todas as sess\u00f5es de cinema, ciclos de conversas e semin\u00e1rios*<\/span><\/p>\n<p><span style=\"color: #0000ff;\">&#8211; Entrada livre ou com desconto para concertos e eventos do Hangout*<\/span><\/p>\n<p><span style=\"color: #0000ff;\">-Entrada livre para 2 sess\u00f5es Performances \u00e0 escolha dos associados*<\/span><\/p>\n<p><span style=\"color: #0000ff;\">-Desconto de 20% em todos os workshops e masterclasses\u00a0<\/span><\/p>\n<p><span style=\"color: #0000ff;\">-Acesso livre ao centro de arquivo e biblioteca*\u00a0<\/span><\/p>\n<p><span style=\"color: #0000ff;\">-Acesso livre ao Hangar Caf\u00e9<\/span><\/p>\n<p><span style=\"color: #0000ff;\">Para ser Associado da Xerem\/Hangar ou renovar a quota anual basta preencher\u00a0<a style=\"color: #0000ff;\" href=\"https:\/\/hangar.com.pt\/online\/formulario-membership\/\" target=\"_blank\" rel=\"noopener noreferrer\" data-type=\"page\" data-id=\"311\" data-title=\"Formulario Membership\">a\u00a0ficha de inscri\u00e7\u00e3o\/actualiza\u00e7\u00e3o<\/a>.\u00a0O pagamento pode ser feito no Hangar em dias de actividade ou por mail:\u00a0<a style=\"color: #0000ff;\" href=\"mailto:geral@hangar.com.pt\" target=\"_blank\" rel=\"noopener noreferrer\">geral@hangar.com.pt.<\/a><\/span><\/p>\n<div><span style=\"color: #0000ff;\">*a designar atempadamente<\/span><\/div>\n<p>[\/vc_column_text][\/vc_column][\/vc_row][vc_row full_width=&#8221;stretch_row_content&#8221;][vc_column width=&#8221;1\/2&#8243;][vc_btn title=&#8221;BECOME A MEMBER&#8221; shape=&#8221;square&#8221; color=&#8221;blue&#8221; size=&#8221;lg&#8221; align=&#8221;left&#8221; button_block=&#8221;true&#8221; el_class=&#8221;bluebutton&#8221; link=&#8221;url:https%3A%2F%2Fhangar.com.pt%2Fonline%2Fformularios%2Fformularios-membership%2F|title:Formularios%20Membership|target:%20_blank|&#8221;][\/vc_column][vc_column width=&#8221;1\/2&#8243;][\/vc_column][\/vc_row]<\/p>\n<\/div>","protected":false},"excerpt":{"rendered":"<p>[vc_row full_width=&#8221;stretch_row_content&#8221;][vc_column][vc_column_text] Membership [\/vc_column_text][vc_separator color=&#8221;black&#8221; align=&#8221;align_left&#8221;][\/vc_column][\/vc_row][vc_row full_width=&#8221;stretch_row_content&#8221;][vc_column width=&#8221;1\/2&#8243;][vc_column_text]Xerem\/Hangar is a non-profit cultural association. To enjoy Xerem\/Hangar &#8216;s membership status and have the membership card, we propose an annual fee of 35\u20ac. The Xerem\/Hangar Membership Card offers: -Free or discounted entry &hellip; <\/p>\n","protected":false},"author":1,"featured_media":0,"parent":0,"menu_order":0,"comment_status":"closed","ping_status":"closed","template":"","meta":{"_bbp_topic_count":0,"_bbp_reply_count":0,"_bbp_total_topic_count":0,"_bbp_total_reply_count":0,"_bbp_voice_count":0,"_bbp_anonymous_reply_count":0,"_bbp_topic_count_hidden":0,"_bbp_reply_count_hidden":0,"_bbp_forum_subforum_count":0,"pmpro_default_level":0,"footnotes":""},"class_list":["post-12438","page","type-page","status-publish","hentry","pmpro-has-access"],"_links":{"self":[{"href":"https:\/\/hangar.com.pt\/online\/wp-json\/wp\/v2\/pages\/12438","targetHints":{"allow":["GET"]}}],"collection":[{"href":"https:\/\/hangar.com.pt\/online\/wp-json\/wp\/v2\/pages"}],"about":[{"href":"https:\/\/hangar.com.pt\/online\/wp-json\/wp\/v2\/types\/page"}],"author":[{"embeddable":true,"href":"https:\/\/hangar.com.pt\/online\/wp-json\/wp\/v2\/users\/1"}],"replies":[{"embeddable":true,"href":"https:\/\/hangar.com.pt\/online\/wp-json\/wp\/v2\/comments?post=12438"}],"version-history":[{"count":8,"href":"https:\/\/hangar.com.pt\/online\/wp-json\/wp\/v2\/pages\/12438\/revisions"}],"predecessor-version":[{"id":13754,"href":"https:\/\/hangar.com.pt\/online\/wp-json\/wp\/v2\/pages\/12438\/revisions\/13754"}],"wp:attachment":[{"href":"https:\/\/hangar.com.pt\/online\/wp-json\/wp\/v2\/media?parent=12438"}],"curies":[{"name":"wp","href":"https:\/\/api.w.org\/{rel}","templated":true}]}}