{"id":77,"date":"2019-02-20T14:29:34","date_gmt":"2019-02-20T14:29:34","guid":{"rendered":"http:\/\/hangar.com.pt\/online\/radio\/?page_id=77"},"modified":"2021-09-14T21:05:50","modified_gmt":"2021-09-14T21:05:50","slug":"about-us","status":"publish","type":"page","link":"https:\/\/hangar.com.pt\/online\/radio\/","title":{"rendered":"About"},"content":{"rendered":"\t\t<div data-elementor-type=\"wp-post\" data-elementor-id=\"77\" class=\"elementor elementor-77\" data-elementor-settings=\"[]\">\n\t\t\t\t\t\t<div class=\"elementor-inner\">\n\t\t\t\t\t\t\t<div class=\"elementor-section-wrap\">\n\t\t\t\t\t\t\t<section class=\"elementor-section elementor-top-section elementor-element elementor-element-8d9fe82 elementor-section-boxed elementor-section-height-default elementor-section-height-default\" data-id=\"8d9fe82\" data-element_type=\"section\">\n\t\t\t\t\t\t<div class=\"elementor-container elementor-column-gap-extended\">\n\t\t\t\t\t\t\t<div class=\"elementor-row\">\n\t\t\t\t\t<div class=\"elementor-column elementor-col-100 elementor-top-column elementor-element elementor-element-d4de234 sc_inner_width_none sc_content_align_inherit sc_layouts_column_icons_position_left\" data-id=\"d4de234\" data-element_type=\"column\">\n\t\t\t<div class=\"elementor-column-wrap\">\n\t\t\t\t\t\t\t<div class=\"elementor-widget-wrap\">\n\t\t\t\t\t\t\t\t<\/div>\n\t\t\t\t\t<\/div>\n\t\t<\/div>\n\t\t\t\t\t\t\t\t<\/div>\n\t\t\t\t\t<\/div>\n\t\t<\/section>\n\t\t\t\t<section class=\"elementor-section elementor-top-section elementor-element elementor-element-63b4473 elementor-section-full_width elementor-section-content-top elementor-section-stretched elementor-section-height-min-height elementor-section-items-top elementor-section-height-default\" data-id=\"63b4473\" data-element_type=\"section\" data-settings=\"{&quot;stretch_section&quot;:&quot;section-stretched&quot;,&quot;background_background&quot;:&quot;classic&quot;}\">\n\t\t\t\t\t\t<div class=\"elementor-container elementor-column-gap-extended\">\n\t\t\t\t\t\t\t<div class=\"elementor-row\">\n\t\t\t\t\t<div class=\"elementor-column elementor-col-100 elementor-top-column elementor-element elementor-element-e0263f1 sc_inner_width_none sc_content_align_inherit sc_layouts_column_icons_position_left\" data-id=\"e0263f1\" data-element_type=\"column\">\n\t\t\t<div class=\"elementor-column-wrap elementor-element-populated\">\n\t\t\t\t\t\t\t<div class=\"elementor-widget-wrap\">\n\t\t\t\t\t\t<div class=\"elementor-element elementor-element-812eee4 sc_fly_static elementor-widget elementor-widget-spacer\" data-id=\"812eee4\" data-element_type=\"widget\" data-widget_type=\"spacer.default\">\n\t\t\t\t<div class=\"elementor-widget-container\">\n\t\t\t\t\t<div class=\"elementor-spacer\">\n\t\t\t<div class=\"elementor-spacer-inner\"><\/div>\n\t\t<\/div>\n\t\t\t\t<\/div>\n\t\t\t\t<\/div>\n\t\t\t\t\t\t<\/div>\n\t\t\t\t\t<\/div>\n\t\t<\/div>\n\t\t\t\t\t\t\t\t<\/div>\n\t\t\t\t\t<\/div>\n\t\t<\/section>\n\t\t\t\t<section class=\"elementor-section elementor-top-section elementor-element elementor-element-1ed22ba elementor-section-full_width elementor-section-content-top elementor-section-stretched elementor-section-height-default elementor-section-height-default\" data-id=\"1ed22ba\" data-element_type=\"section\" data-settings=\"{&quot;stretch_section&quot;:&quot;section-stretched&quot;,&quot;background_background&quot;:&quot;classic&quot;}\">\n\t\t\t\t\t\t<div class=\"elementor-container elementor-column-gap-default\">\n\t\t\t\t\t\t\t<div class=\"elementor-row\">\n\t\t\t\t\t<div class=\"elementor-column elementor-col-100 elementor-top-column elementor-element elementor-element-490c568 sc_inner_width_none sc_content_align_inherit sc_layouts_column_icons_position_left\" data-id=\"490c568\" data-element_type=\"column\">\n\t\t\t<div class=\"elementor-column-wrap elementor-element-populated\">\n\t\t\t\t\t\t\t<div class=\"elementor-widget-wrap\">\n\t\t\t\t\t\t<div class=\"elementor-element elementor-element-dec6239 sc_fly_static elementor-widget elementor-widget-text-editor\" data-id=\"dec6239\" data-element_type=\"widget\" data-widget_type=\"text-editor.default\">\n\t\t\t\t<div class=\"elementor-widget-container\">\n\t\t\t\t\t\t\t\t<div class=\"elementor-text-editor elementor-clearfix\">\n\t\t\t\t\t<p>\u00a9 M\u00f3nica de Miranda.<\/p>\t\t\t\t\t<\/div>\n\t\t\t\t\t\t<\/div>\n\t\t\t\t<\/div>\n\t\t\t\t\t\t<\/div>\n\t\t\t\t\t<\/div>\n\t\t<\/div>\n\t\t\t\t\t\t\t\t<\/div>\n\t\t\t\t\t<\/div>\n\t\t<\/section>\n\t\t\t\t<section class=\"elementor-section elementor-top-section elementor-element elementor-element-7aa2b76 elementor-section-content-middle elementor-section-boxed elementor-section-height-default elementor-section-height-default\" data-id=\"7aa2b76\" data-element_type=\"section\">\n\t\t\t\t\t\t<div class=\"elementor-container elementor-column-gap-extended\">\n\t\t\t\t\t\t\t<div class=\"elementor-row\">\n\t\t\t\t\t<div class=\"elementor-column elementor-col-100 elementor-top-column elementor-element elementor-element-06e1754 sc_inner_width_none sc_content_align_inherit sc_layouts_column_icons_position_left\" data-id=\"06e1754\" data-element_type=\"column\">\n\t\t\t<div class=\"elementor-column-wrap elementor-element-populated\">\n\t\t\t\t\t\t\t<div class=\"elementor-widget-wrap\">\n\t\t\t\t\t\t<div class=\"elementor-element elementor-element-1ca2388 sc_fly_static elementor-widget elementor-widget-spacer\" data-id=\"1ca2388\" data-element_type=\"widget\" data-widget_type=\"spacer.default\">\n\t\t\t\t<div class=\"elementor-widget-container\">\n\t\t\t\t\t<div class=\"elementor-spacer\">\n\t\t\t<div class=\"elementor-spacer-inner\"><\/div>\n\t\t<\/div>\n\t\t\t\t<\/div>\n\t\t\t\t<\/div>\n\t\t\t\t<div class=\"elementor-element elementor-element-6e29b35 sc_fly_static elementor-widget elementor-widget-trx_sc_title\" data-id=\"6e29b35\" data-element_type=\"widget\" data-widget_type=\"trx_sc_title.default\">\n\t\t\t\t<div class=\"elementor-widget-container\">\n\t\t\t<div id=\"trx_sc_title_492847281\"\n\t\tclass=\"sc_title sc_title_default\"><div class=\"sc_item_descr sc_title_descr\"><p><strong>Space Station Lisbon<\/strong> \u00e9 um programa de co-cria\u00e7\u00e3o de uma R\u00e1dio online e uma plataforma visual digital de pesquisa, investiga\u00e7\u00e3o e resid\u00eancias de m\u00fasica em colabora\u00e7\u00e3o com artistas, produtores, investigadores e ativistas culturais, nacionais e internacionais de pa\u00edses africanos ou da di\u00e1spora, trabalhando nas intersec\u00e7\u00f5es entre diferentes \u00e1reas, organizando imagens, videos, som, m\u00fasica e palavras em novas formas de conhecimento e que culmina num arquivo vivo e cont\u00ednuo de experi\u00eancias e conversas que reflecte quest\u00f5es de identidade, mem\u00f3ria, di\u00e1spora, hist\u00f3ria e arquivo na cria\u00e7\u00e3o de novas narrativas.<\/p>\n<\/div><\/div><!-- \/.sc_title -->\t\t<\/div>\n\t\t\t\t<\/div>\n\t\t\t\t\t\t<\/div>\n\t\t\t\t\t<\/div>\n\t\t<\/div>\n\t\t\t\t\t\t\t\t<\/div>\n\t\t\t\t\t<\/div>\n\t\t<\/section>\n\t\t\t\t<section class=\"elementor-section elementor-top-section elementor-element elementor-element-e6c4a26 elementor-section-boxed elementor-section-height-default elementor-section-height-default\" data-id=\"e6c4a26\" data-element_type=\"section\">\n\t\t\t\t\t\t<div class=\"elementor-container elementor-column-gap-extended\">\n\t\t\t\t\t\t\t<div class=\"elementor-row\">\n\t\t\t\t\t<div class=\"elementor-column elementor-col-100 elementor-top-column elementor-element elementor-element-137f176 sc_inner_width_none sc_content_align_inherit sc_layouts_column_icons_position_left\" data-id=\"137f176\" data-element_type=\"column\">\n\t\t\t<div class=\"elementor-column-wrap elementor-element-populated\">\n\t\t\t\t\t\t\t<div class=\"elementor-widget-wrap\">\n\t\t\t\t\t\t<div class=\"elementor-element elementor-element-eed4523 sc_fly_static elementor-widget elementor-widget-spacer\" data-id=\"eed4523\" data-element_type=\"widget\" data-widget_type=\"spacer.default\">\n\t\t\t\t<div class=\"elementor-widget-container\">\n\t\t\t\t\t<div class=\"elementor-spacer\">\n\t\t\t<div class=\"elementor-spacer-inner\"><\/div>\n\t\t<\/div>\n\t\t\t\t<\/div>\n\t\t\t\t<\/div>\n\t\t\t\t\t\t<\/div>\n\t\t\t\t\t<\/div>\n\t\t<\/div>\n\t\t\t\t\t\t\t\t<\/div>\n\t\t\t\t\t<\/div>\n\t\t<\/section>\n\t\t\t\t\t\t<\/div>\n\t\t\t\t\t\t<\/div>\n\t\t\t\t\t<\/div>\n\t\t","protected":false},"excerpt":{"rendered":"<p>\u00a9 M\u00f3nica de Miranda. Space Station Lisbon \u00e9 um programa de co-cria\u00e7\u00e3o de uma R\u00e1dio online e uma plataforma visual digital de pesquisa, investiga\u00e7\u00e3o e resid\u00eancias de m\u00fasica em colabora\u00e7\u00e3o com artistas, produtores, investigadores e ativistas culturais, nacionais e internacionais de pa\u00edses africanos&hellip;<\/p>\n","protected":false},"author":1,"featured_media":3826,"parent":0,"menu_order":0,"comment_status":"closed","ping_status":"closed","template":"","meta":{"footnotes":""},"class_list":["post-77","page","type-page","status-publish","has-post-thumbnail","hentry"],"_links":{"self":[{"href":"https:\/\/hangar.com.pt\/online\/radio\/wp-json\/wp\/v2\/pages\/77","targetHints":{"allow":["GET"]}}],"collection":[{"href":"https:\/\/hangar.com.pt\/online\/radio\/wp-json\/wp\/v2\/pages"}],"about":[{"href":"https:\/\/hangar.com.pt\/online\/radio\/wp-json\/wp\/v2\/types\/page"}],"author":[{"embeddable":true,"href":"https:\/\/hangar.com.pt\/online\/radio\/wp-json\/wp\/v2\/users\/1"}],"replies":[{"embeddable":true,"href":"https:\/\/hangar.com.pt\/online\/radio\/wp-json\/wp\/v2\/comments?post=77"}],"version-history":[{"count":57,"href":"https:\/\/hangar.com.pt\/online\/radio\/wp-json\/wp\/v2\/pages\/77\/revisions"}],"predecessor-version":[{"id":5860,"href":"https:\/\/hangar.com.pt\/online\/radio\/wp-json\/wp\/v2\/pages\/77\/revisions\/5860"}],"wp:featuredmedia":[{"embeddable":true,"href":"https:\/\/hangar.com.pt\/online\/radio\/wp-json\/wp\/v2\/media\/3826"}],"wp:attachment":[{"href":"https:\/\/hangar.com.pt\/online\/radio\/wp-json\/wp\/v2\/media?parent=77"}],"curies":[{"name":"wp","href":"https:\/\/api.w.org\/{rel}","templated":true}]}}