{"id":17266,"date":"2020-12-21T18:06:12","date_gmt":"2020-12-21T18:06:12","guid":{"rendered":"https:\/\/hangar.com.pt\/loja\/sol-mais-ao-sulolavo-amado\/"},"modified":"2022-08-14T10:03:45","modified_gmt":"2022-08-14T09:03:45","slug":"sol-mais-ao-sulolavo-amado","status":"publish","type":"product","link":"https:\/\/hangar.com.pt\/en\/loja\/sol-mais-ao-sulolavo-amado\/","title":{"rendered":"Sol Mais ao Sul<br>Olavo Amado"},"content":{"rendered":"<p>For more information about this work please fill the form below<\/p>\n\n<div class=\"wpcf7 no-js\" id=\"wpcf7-f17185-o1\" lang=\"pt-PT\" dir=\"ltr\" data-wpcf7-id=\"17185\">\n<div class=\"screen-reader-response\"><p role=\"status\" aria-live=\"polite\" aria-atomic=\"true\"><\/p> <ul><\/ul><\/div>\n<form action=\"\/en\/wp-json\/wp\/v2\/product\/17266#wpcf7-f17185-o1\" method=\"post\" class=\"wpcf7-form init\" aria-label=\"Formul\u00e1rio de contacto\" novalidate=\"novalidate\" data-status=\"init\">\n<div style=\"display: none;\">\n<input type=\"hidden\" name=\"_wpcf7\" value=\"17185\" \/>\n<input type=\"hidden\" name=\"_wpcf7_version\" value=\"6.0.1\" \/>\n<input type=\"hidden\" name=\"_wpcf7_locale\" value=\"pt_PT\" \/>\n<input type=\"hidden\" name=\"_wpcf7_unit_tag\" value=\"wpcf7-f17185-o1\" \/>\n<input type=\"hidden\" name=\"_wpcf7_container_post\" value=\"0\" \/>\n<input type=\"hidden\" name=\"_wpcf7_posted_data_hash\" value=\"\" \/>\n<\/div>\n<p><label> O seu nome (obrigat\u00f3rio)<br \/>\n<span class=\"wpcf7-form-control-wrap\" data-name=\"your-name\"><input size=\"40\" maxlength=\"400\" class=\"wpcf7-form-control wpcf7-text wpcf7-validates-as-required\" aria-required=\"true\" aria-invalid=\"false\" value=\"\" type=\"text\" name=\"your-name\" \/><\/span> <\/label>\n<\/p>\n<p><label> O seu email (obrigat\u00f3rio)<br \/>\n<span class=\"wpcf7-form-control-wrap\" data-name=\"your-email\"><input size=\"40\" maxlength=\"400\" class=\"wpcf7-form-control wpcf7-email wpcf7-validates-as-required wpcf7-text wpcf7-validates-as-email\" aria-required=\"true\" aria-invalid=\"false\" value=\"\" type=\"email\" name=\"your-email\" \/><\/span> <\/label>\n<\/p>\n<p><label> Obra<br \/>\n<span class=\"wpcf7-form-control-wrap\" data-name=\"your-subject\"><input size=\"40\" maxlength=\"400\" class=\"wpcf7-form-control wpcf7-text\" aria-invalid=\"false\" value=\"\" type=\"text\" name=\"your-subject\" \/><\/span> <\/label>\n<\/p>\n<p><label> A sua mensagem<br \/>\n<span class=\"wpcf7-form-control-wrap\" data-name=\"your-message\"><textarea cols=\"40\" rows=\"10\" maxlength=\"2000\" class=\"wpcf7-form-control wpcf7-textarea\" aria-invalid=\"false\" name=\"your-message\"><\/textarea><\/span> <\/label>\n<\/p>\n<p><input class=\"wpcf7-form-control wpcf7-submit has-spinner\" type=\"submit\" value=\"Enviar\" \/>\n<\/p><div class=\"wpcf7-response-output\" aria-hidden=\"true\"><\/div>\n<\/form>\n<\/div>\n\n","protected":false},"excerpt":{"rendered":"<p>Olavo Amado<br \/>\nTitle: Sol Mais ao Sul<br \/>\nDimensions: 100x100cm<br \/>\nMixed Media<br \/>\nYear: 2018<\/p>\n<p><strong>Price:<\/strong><br \/>\ncontact us \/ does not include shipping<\/p>\n<p><strong>Artist Bio<\/strong><br \/>\nOlavo Amado (1979) was born in S\u00e3o Tom\u00e9 and Pr\u00edncipe, where he currently lives and works. He studied art at Jo\u00e3o Carlos Silva\u2019s (no longer existent) school Espa\u00e7o Tea D\u2019Arte between 2002 and 2004, and has since participated in the 3rd, 4th, 5th and 6th art biennales of S\u00e3o Tom\u00e9 and Pr\u00edncipe, the latter taking place at the City Museum of Lisbon. He has also participated in the 5th and 6th Caracas biennale, Venezuela, and was the executive secretary of the 5th and 6th Biennale of Art and Culture of S\u00e3o Tom\u00e9 and Pr\u00edncipe. In 2012, Amado was invited to be director of the national and international exhibitions of CACAU and curated international art exhibition of Santomense, STP MOSTRA at the ARTVISIE gallery in Amsterdam. With artist residencies in Paris (2010), Amsterdam (2011), New York (2015) and Lisbon (2018), he has also held solo exhibition since 2007 in S\u00e3o Tom\u00e9 and Amsterdam.<\/p>\n","protected":false},"featured_media":17264,"template":"","meta":[],"product_cat":[194],"product_tag":[210],"class_list":{"0":"post-17266","1":"product","2":"type-product","3":"status-publish","4":"has-post-thumbnail","6":"product_cat-obras","7":"product_tag-olavo-amado","9":"first","10":"onbackorder","11":"taxable","12":"shipping-taxable","13":"product-type-simple"},"_links":{"self":[{"href":"https:\/\/hangar.com.pt\/en\/wp-json\/wp\/v2\/product\/17266","targetHints":{"allow":["GET"]}}],"collection":[{"href":"https:\/\/hangar.com.pt\/en\/wp-json\/wp\/v2\/product"}],"about":[{"href":"https:\/\/hangar.com.pt\/en\/wp-json\/wp\/v2\/types\/product"}],"wp:featuredmedia":[{"embeddable":true,"href":"https:\/\/hangar.com.pt\/en\/wp-json\/wp\/v2\/media\/17264"}],"wp:attachment":[{"href":"https:\/\/hangar.com.pt\/en\/wp-json\/wp\/v2\/media?parent=17266"}],"wp:term":[{"taxonomy":"product_cat","embeddable":true,"href":"https:\/\/hangar.com.pt\/en\/wp-json\/wp\/v2\/product_cat?post=17266"},{"taxonomy":"product_tag","embeddable":true,"href":"https:\/\/hangar.com.pt\/en\/wp-json\/wp\/v2\/product_tag?post=17266"}],"curies":[{"name":"wp","href":"https:\/\/api.w.org\/{rel}","templated":true}]}}

<p>For more information about this work please fill the form below</p>

<div class="wpcf7 no-js" id="wpcf7-f17185-o1" lang="pt-PT" dir="ltr" data-wpcf7-id="17185">
<div class="screen-reader-response"><p role="status" aria-live="polite" aria-atomic="true"></p> <ul></ul></div>
<form action="/en/wp-json/wp/v2/product/17266#wpcf7-f17185-o1" method="post" class="wpcf7-form init" aria-label="Formulário de contacto" novalidate="novalidate" data-status="init">
<div style="display: none;">
<input type="hidden" name="_wpcf7" value="17185" />
<input type="hidden" name="_wpcf7_version" value="6.0.1" />
<input type="hidden" name="_wpcf7_locale" value="pt_PT" />
<input type="hidden" name="_wpcf7_unit_tag" value="wpcf7-f17185-o1" />
<input type="hidden" name="_wpcf7_container_post" value="0" />
<input type="hidden" name="_wpcf7_posted_data_hash" value="" />
</div>
<p><label> O seu nome (obrigatório)<br />
<span class="wpcf7-form-control-wrap" data-name="your-name"><input size="40" maxlength="400" class="wpcf7-form-control wpcf7-text wpcf7-validates-as-required" aria-required="true" aria-invalid="false" value="" type="text" name="your-name" /></span> </label>
</p>
<p><label> O seu email (obrigatório)<br />
<span class="wpcf7-form-control-wrap" data-name="your-email"><input size="40" maxlength="400" class="wpcf7-form-control wpcf7-email wpcf7-validates-as-required wpcf7-text wpcf7-validates-as-email" aria-required="true" aria-invalid="false" value="" type="email" name="your-email" /></span> </label>
</p>
<p><label> Obra<br />
<span class="wpcf7-form-control-wrap" data-name="your-subject"><input size="40" maxlength="400" class="wpcf7-form-control wpcf7-text" aria-invalid="false" value="" type="text" name="your-subject" /></span> </label>
</p>
<p><label> A sua mensagem<br />
<span class="wpcf7-form-control-wrap" data-name="your-message"><textarea cols="40" rows="10" maxlength="2000" class="wpcf7-form-control wpcf7-textarea" aria-invalid="false" name="your-message"></textarea></span> </label>
</p>
<p><input class="wpcf7-form-control wpcf7-submit has-spinner" type="submit" value="Enviar" />
</p><div class="wpcf7-response-output" aria-hidden="true"></div>
</form>
</div>

<p>Olavo Amado<br />
Title: Sol Mais ao Sul<br />
Dimensions: 100x100cm<br />
Mixed Media<br />
Year: 2018</p>
<p><strong>Price:</strong><br />
contact us / does not include shipping</p>
<p><strong>Artist Bio</strong><br />
Olavo Amado (1979) was born in São Tomé and Príncipe, where he currently lives and works. He studied art at João Carlos Silva’s (no longer existent) school Espaço Tea D’Arte between 2002 and 2004, and has since participated in the 3rd, 4th, 5th and 6th art biennales of São Tomé and Príncipe, the latter taking place at the City Museum of Lisbon. He has also participated in the 5th and 6th Caracas biennale, Venezuela, and was the executive secretary of the 5th and 6th Biennale of Art and Culture of São Tomé and Príncipe. In 2012, Amado was invited to be director of the national and international exhibitions of CACAU and curated international art exhibition of Santomense, STP MOSTRA at the ARTVISIE gallery in Amsterdam. With artist residencies in Paris (2010), Amsterdam (2011), New York (2015) and Lisbon (2018), he has also held solo exhibition since 2007 in São Tomé and Amsterdam.</p>
