{"id":17795,"date":"2021-03-03T13:09:45","date_gmt":"2021-03-03T13:09:45","guid":{"rendered":"https:\/\/hangar.com.pt\/?post_type=product&#038;p=17795"},"modified":"2022-11-16T13:20:45","modified_gmt":"2022-11-16T13:20:45","slug":"pode-a-subalterna-tomar-a-palavra","status":"publish","type":"product","link":"http:\/\/hangar.com.pt\/en\/loja\/pode-a-subalterna-tomar-a-palavra\/","title":{"rendered":"Pode a Subalterna Tomar a Palavra? <br> Gayatri Spivak"},"content":{"rendered":"","protected":false},"excerpt":{"rendered":"<p><em>Entre o patriarcado e o imperialismo, a figura da mulher desaparece, n\u00e3o apenas num puro nada, mas num violento vaiv\u00e9m que \u00e9 a figura\u00e7\u00e3o da \u00abmulher do Terceiro Mundo\u00bb. <\/em><strong>Gayatri Chakravorty Spivak<\/strong><\/p>\n<p>Finalmente editado em Portugal, <strong>PODE A SUBALTERNA TOMAR A PALAVRA?<\/strong> \u00e9 uma obra incontorn\u00e1vel dos estudos p\u00f3s coloniais. O destino tr\u00e1gico de uma jovem indiana na cidade de Calcut\u00e1, em 1926, \u00e9 o ponto de partida para uma reflex\u00e3o que, em sucessivas aproxima\u00e7\u00f5es hist\u00f3ricas, pol\u00edtico-econ\u00f3micas e ideol\u00f3gicas, p\u00f5e a nu as estruturas de poder que impedem o acesso \u00e0 palavra por quem habita a periferia.<\/p>\n<p>Gayatri Chakravorty Spivak \u00e9 uma das mais influentes te\u00f3ricas contempor\u00e2neas dos estudos p\u00f3s-coloniais. Com um trabalho cr\u00edtico particularmente marcante na den\u00fancia da coloniza\u00e7\u00e3o intelectual do mundo globalizado, o seu ensaio Pode a Subalterna Tomar a Palavra? foi pioneiro na an\u00e1lise desconstrutivista aplicada a quest\u00f5es de representa\u00e7\u00e3o, discurso e poder. Est\u00e1 envolvida em v\u00e1rios movimentos sociais, feministas e ecol\u00f3gicos e lecciona actualmente na Universidade de Columbia, em Nova Iorque.<\/p>\n<p><strong>T\u00cdTULO ORIGINAL<\/strong> Can the Subaltern Speak?<br \/>\n<strong>TRADU\u00c7\u00c3O<\/strong> Ant\u00f3nio Sousa Ribeiro<br \/>\n<strong>EDITORA<\/strong> ORFEU NEGRO<br \/>\n<strong>ANO DE EDI\u00c7\u00c3O<\/strong> 2021<br \/>\n<strong>N.\u00ba PP<\/strong>. 136<br \/>\n<strong>FORMATO<\/strong> 12,8 x 18 cm<br \/>\n<strong>EAN<\/strong> 9789898868954<\/p>\n","protected":false},"featured_media":17791,"template":"","meta":[],"product_cat":[193],"product_tag":[],"class_list":{"0":"post-17795","1":"product","2":"type-product","3":"status-publish","4":"has-post-thumbnail","6":"product_cat-livros","8":"first","9":"onbackorder","10":"taxable","11":"shipping-taxable","12":"purchasable","13":"product-type-simple"},"_links":{"self":[{"href":"http:\/\/hangar.com.pt\/en\/wp-json\/wp\/v2\/product\/17795","targetHints":{"allow":["GET"]}}],"collection":[{"href":"http:\/\/hangar.com.pt\/en\/wp-json\/wp\/v2\/product"}],"about":[{"href":"http:\/\/hangar.com.pt\/en\/wp-json\/wp\/v2\/types\/product"}],"wp:featuredmedia":[{"embeddable":true,"href":"http:\/\/hangar.com.pt\/en\/wp-json\/wp\/v2\/media\/17791"}],"wp:attachment":[{"href":"http:\/\/hangar.com.pt\/en\/wp-json\/wp\/v2\/media?parent=17795"}],"wp:term":[{"taxonomy":"product_cat","embeddable":true,"href":"http:\/\/hangar.com.pt\/en\/wp-json\/wp\/v2\/product_cat?post=17795"},{"taxonomy":"product_tag","embeddable":true,"href":"http:\/\/hangar.com.pt\/en\/wp-json\/wp\/v2\/product_tag?post=17795"}],"curies":[{"name":"wp","href":"https:\/\/api.w.org\/{rel}","templated":true}]}}

<p><em>Entre o patriarcado e o imperialismo, a figura da mulher desaparece, não apenas num puro nada, mas num violento vaivém que é a figuração da «mulher do Terceiro Mundo». </em><strong>Gayatri Chakravorty Spivak</strong></p>
<p>Finalmente editado em Portugal, <strong>PODE A SUBALTERNA TOMAR A PALAVRA?</strong> é uma obra incontornável dos estudos pós coloniais. O destino trágico de uma jovem indiana na cidade de Calcutá, em 1926, é o ponto de partida para uma reflexão que, em sucessivas aproximações históricas, político-económicas e ideológicas, põe a nu as estruturas de poder que impedem o acesso à palavra por quem habita a periferia.</p>
<p>Gayatri Chakravorty Spivak é uma das mais influentes teóricas contemporâneas dos estudos pós-coloniais. Com um trabalho crítico particularmente marcante na denúncia da colonização intelectual do mundo globalizado, o seu ensaio Pode a Subalterna Tomar a Palavra? foi pioneiro na análise desconstrutivista aplicada a questões de representação, discurso e poder. Está envolvida em vários movimentos sociais, feministas e ecológicos e lecciona actualmente na Universidade de Columbia, em Nova Iorque.</p>
<p><strong>TÍTULO ORIGINAL</strong> Can the Subaltern Speak?<br />
<strong>TRADUÇÃO</strong> António Sousa Ribeiro<br />
<strong>EDITORA</strong> ORFEU NEGRO<br />
<strong>ANO DE EDIÇÃO</strong> 2021<br />
<strong>N.º PP</strong>. 136<br />
<strong>FORMATO</strong> 12,8 x 18 cm<br />
<strong>EAN</strong> 9789898868954</p>
